[INFO] cloning repository https://github.com/yasushisakai/matrix_calc
[INFO] running `Command { std: "git" "-c" "credential.helper=" "-c" "credential.helper=/workspace/cargo-home/bin/git-credential-null" "clone" "--bare" "https://github.com/yasushisakai/matrix_calc" "/workspace/cache/git-repos/https%3A%2F%2Fgithub.com%2Fyasushisakai%2Fmatrix_calc", kill_on_drop: false }`
[INFO] [stderr] Cloning into bare repository '/workspace/cache/git-repos/https%3A%2F%2Fgithub.com%2Fyasushisakai%2Fmatrix_calc'...
[INFO] running `Command { std: "git" "rev-parse" "HEAD", kill_on_drop: false }`
[INFO] [stdout] aa31d14be99313a5b739be2b353dceb017d8051c
[INFO] checking yasushisakai/matrix_calc against master#af3c6e733a40e671550e0f0f5aeecaa13772ba56 for pr-74989
[INFO] running `Command { std: "git" "clone" "/workspace/cache/git-repos/https%3A%2F%2Fgithub.com%2Fyasushisakai%2Fmatrix_calc" "/workspace/builds/worker-8/source", kill_on_drop: false }`
[INFO] [stderr] Cloning into '/workspace/builds/worker-8/source'...
[INFO] [stderr] done.
[INFO] validating manifest of git repo https://github.com/yasushisakai/matrix_calc on toolchain af3c6e733a40e671550e0f0f5aeecaa13772ba56
[INFO] running `Command { std: "/workspace/cargo-home/bin/cargo" "+af3c6e733a40e671550e0f0f5aeecaa13772ba56" "read-manifest" "--manifest-path" "Cargo.toml", kill_on_drop: false }`
[INFO] started tweaking git repo https://github.com/yasushisakai/matrix_calc
[INFO] removed path dependency geometry from git repo https://github.com/yasushisakai/matrix_calc
[INFO] finished tweaking git repo https://github.com/yasushisakai/matrix_calc
[INFO] tweaked toml for git repo https://github.com/yasushisakai/matrix_calc written to /workspace/builds/worker-8/source/Cargo.toml
[INFO] crate git repo https://github.com/yasushisakai/matrix_calc already has a lockfile, it will not be regenerated
[INFO] running `Command { std: "/workspace/cargo-home/bin/cargo" "+af3c6e733a40e671550e0f0f5aeecaa13772ba56" "fetch" "--locked" "--manifest-path" "Cargo.toml", kill_on_drop: false }`
[INFO] [stderr] warning: dependency (geometry) specified without providing a local path, Git repository, or version to use. This will be considered an error in future versions
[INFO] [stderr]     Blocking waiting for file lock on package cache
[INFO] [stderr]     Updating crates.io index
[INFO] [stderr] error: the lock file /workspace/builds/worker-8/source/Cargo.lock needs to be updated but --locked was passed to prevent this
[INFO] [stderr] If you want to try to generate the lock file without accessing the network, use the --offline flag.
[INFO] the lockfile is outdated, regenerating it
[INFO] running `Command { std: "/workspace/cargo-home/bin/cargo" "+af3c6e733a40e671550e0f0f5aeecaa13772ba56" "generate-lockfile" "--manifest-path" "Cargo.toml" "-Zno-index-update", kill_on_drop: false }`
[INFO] running `Command { std: "/workspace/cargo-home/bin/cargo" "+af3c6e733a40e671550e0f0f5aeecaa13772ba56" "fetch" "--locked" "--manifest-path" "Cargo.toml", kill_on_drop: false }`
[INFO] [stderr] warning: dependency (geometry) specified without providing a local path, Git repository, or version to use. This will be considered an error in future versions
[INFO] running `Command { std: "docker" "create" "-v" "/var/lib/crater-agent-workspace/builds/worker-8/target:/opt/rustwide/target:rw,Z" "-v" "/var/lib/crater-agent-workspace/builds/worker-8/source:/opt/rustwide/workdir:ro,Z" "-v" "/var/lib/crater-agent-workspace/cargo-home:/opt/rustwide/cargo-home:ro,Z" "-v" "/var/lib/crater-agent-workspace/rustup-home:/opt/rustwide/rustup-home:ro,Z" "-e" "SOURCE_DIR=/opt/rustwide/workdir" "-e" "CARGO_TARGET_DIR=/opt/rustwide/target" "-e" "CARGO_HOME=/opt/rustwide/cargo-home" "-e" "RUSTUP_HOME=/opt/rustwide/rustup-home" "-w" "/opt/rustwide/workdir" "-m" "1610612736" "--user" "0:0" "--network" "none" "rustops/crates-build-env@sha256:d92eaeed33fa75130ca1ee6c8a01d1ffb62bac859dfdfb3450e3e5d1c0146529" "/opt/rustwide/cargo-home/bin/cargo" "+af3c6e733a40e671550e0f0f5aeecaa13772ba56" "metadata" "--no-deps" "--format-version=1", kill_on_drop: false }`
[INFO] [stderr] WARNING: Your kernel does not support swap limit capabilities or the cgroup is not mounted. Memory limited without swap.
[INFO] [stdout] 43563ac8c39dd77de741d7447ca40bcc88e245f1e0d1d1f7bd8e0d53cf781963
[INFO] running `Command { std: "docker" "start" "-a" "43563ac8c39dd77de741d7447ca40bcc88e245f1e0d1d1f7bd8e0d53cf781963", kill_on_drop: false }`
[INFO] running `Command { std: "docker" "inspect" "43563ac8c39dd77de741d7447ca40bcc88e245f1e0d1d1f7bd8e0d53cf781963", kill_on_drop: false }`
[INFO] running `Command { std: "docker" "rm" "-f" "43563ac8c39dd77de741d7447ca40bcc88e245f1e0d1d1f7bd8e0d53cf781963", kill_on_drop: false }`
[INFO] [stdout] 43563ac8c39dd77de741d7447ca40bcc88e245f1e0d1d1f7bd8e0d53cf781963
[INFO] running `Command { std: "docker" "create" "-v" "/var/lib/crater-agent-workspace/builds/worker-8/target:/opt/rustwide/target:rw,Z" "-v" "/var/lib/crater-agent-workspace/builds/worker-8/source:/opt/rustwide/workdir:ro,Z" "-v" "/var/lib/crater-agent-workspace/cargo-home:/opt/rustwide/cargo-home:ro,Z" "-v" "/var/lib/crater-agent-workspace/rustup-home:/opt/rustwide/rustup-home:ro,Z" "-e" "SOURCE_DIR=/opt/rustwide/workdir" "-e" "CARGO_TARGET_DIR=/opt/rustwide/target" "-e" "CARGO_INCREMENTAL=0" "-e" "RUST_BACKTRACE=full" "-e" "RUSTFLAGS=--cap-lints=forbid" "-e" "CARGO_HOME=/opt/rustwide/cargo-home" "-e" "RUSTUP_HOME=/opt/rustwide/rustup-home" "-w" "/opt/rustwide/workdir" "-m" "1610612736" "--user" "0:0" "--network" "none" "rustops/crates-build-env@sha256:d92eaeed33fa75130ca1ee6c8a01d1ffb62bac859dfdfb3450e3e5d1c0146529" "/opt/rustwide/cargo-home/bin/cargo" "+af3c6e733a40e671550e0f0f5aeecaa13772ba56" "check" "--frozen" "--all" "--all-targets" "--message-format=json", kill_on_drop: false }`
[INFO] [stdout] 7bc617e0dc9f66cb9f027b7acbb2a3b88e72619a7d544f4761afed93e239b486
[INFO] [stderr] WARNING: Your kernel does not support swap limit capabilities or the cgroup is not mounted. Memory limited without swap.
[INFO] running `Command { std: "docker" "start" "-a" "7bc617e0dc9f66cb9f027b7acbb2a3b88e72619a7d544f4761afed93e239b486", kill_on_drop: false }`
[INFO] [stderr] warning: dependency (geometry) specified without providing a local path, Git repository, or version to use. This will be considered an error in future versions
[INFO] [stderr]    Compiling byteorder v1.3.4
[INFO] [stderr]    Compiling memchr v2.3.3
[INFO] [stderr]    Compiling serde v1.0.116
[INFO] [stderr]    Compiling ryu v1.0.5
[INFO] [stderr]     Checking lazy_static v1.4.0
[INFO] [stderr]     Checking wavefront_obj v2.0.4
[INFO] [stderr]     Checking range v0.2.0
[INFO] [stderr]     Checking itoa v0.4.6
[INFO] [stderr]     Checking geometry v0.2.0
[INFO] [stderr]     Checking csv-core v0.1.10
[INFO] [stderr]     Checking regex-automata v0.1.9
[INFO] [stderr]     Checking bstr v0.2.13
[INFO] [stderr]     Checking csv v1.1.3
[INFO] [stderr]     Checking matrix_calc v0.1.0 (/opt/rustwide/workdir)
[INFO] [stdout] error[E0432]: unresolved import `geometry::matrix3`
[INFO] [stdout]   --> src/main.rs:10:15
[INFO] [stdout]    |
[INFO] [stdout] 10 | use geometry::matrix3::Mat3;
[INFO] [stdout]    |               ^^^^^^^ could not find `matrix3` in `geometry`
[INFO] [stdout] 
[INFO] [stdout] 
[INFO] [stdout] error[E0432]: unresolved import `geometry::quaternion`
[INFO] [stdout]   --> src/main.rs:11:15
[INFO] [stdout]    |
[INFO] [stdout] 11 | use geometry::quaternion::Quat;
[INFO] [stdout]    |               ^^^^^^^^^^ could not find `quaternion` in `geometry`
[INFO] [stdout] 
[INFO] [stdout] 
[INFO] [stdout] error[E0432]: unresolved import `geometry::vector`
[INFO] [stdout]   --> src/main.rs:12:15
[INFO] [stdout]    |
[INFO] [stdout] 12 | use geometry::vector::Vec3;
[INFO] [stdout]    |               ^^^^^^ could not find `vector` in `geometry`
[INFO] [stdout] 
[INFO] [stdout] 
[INFO] [stdout] warning: trait objects without an explicit `dyn` are deprecated
[INFO] [stdout]   --> src/main.rs:17:33
[INFO] [stdout]    |
[INFO] [stdout] 17 | fn read_csv() -> Result<(), Box<Error>> {
[INFO] [stdout]    |                                 ^^^^^ help: use `dyn`: `dyn Error`
[INFO] [stdout]    |
[INFO] [stdout]    = note: `#[warn(bare_trait_objects)]` on by default
[INFO] [stdout] 
[INFO] [stdout] 
[INFO] [stdout] warning: unnecessary parentheses around `if` condition
[INFO] [stdout]   --> src/main.rs:78:16
[INFO] [stdout]    |
[INFO] [stdout] 78 |             if (is_before) {
[INFO] [stdout]    |                ^^^^^^^^^^^ help: remove these parentheses
[INFO] [stdout]    |
[INFO] [stdout]    = note: `#[warn(unused_parens)]` on by default
[INFO] [stdout] 
[INFO] [stdout] 
[INFO] [stdout] error[E0432]: unresolved import `geometry::matrix3`
[INFO] [stdout]   --> src/main.rs:10:15
[INFO] [stdout]    |
[INFO] [stdout] 10 | use geometry::matrix3::Mat3;
[INFO] [stdout]    |               ^^^^^^^ could not find `matrix3` in `geometry`
[INFO] [stdout] 
[INFO] [stdout] 
[INFO] [stdout] error[E0432]: unresolved import `geometry::quaternion`
[INFO] [stdout]   --> src/main.rs:11:15
[INFO] [stdout]    |
[INFO] [stdout] 11 | use geometry::quaternion::Quat;
[INFO] [stdout]    |               ^^^^^^^^^^ could not find `quaternion` in `geometry`
[INFO] [stdout] 
[INFO] [stdout] 
[INFO] [stdout] error[E0432]: unresolved import `geometry::vector`
[INFO] [stdout]   --> src/main.rs:12:15
[INFO] [stdout]    |
[INFO] [stdout] 12 | use geometry::vector::Vec3;
[INFO] [stdout]    |               ^^^^^^ could not find `vector` in `geometry`
[INFO] [stdout] 
[INFO] [stdout] 
[INFO] [stdout] warning: trait objects without an explicit `dyn` are deprecated
[INFO] [stdout]   --> src/main.rs:17:33
[INFO] [stdout]    |
[INFO] [stdout] 17 | fn read_csv() -> Result<(), Box<Error>> {
[INFO] [stdout]    |                                 ^^^^^ help: use `dyn`: `dyn Error`
[INFO] [stdout]    |
[INFO] [stdout]    = note: `#[warn(bare_trait_objects)]` on by default
[INFO] [stdout] 
[INFO] [stdout] 
[INFO] [stdout] warning: unnecessary parentheses around `if` condition
[INFO] [stdout]   --> src/main.rs:78:16
[INFO] [stdout]    |
[INFO] [stdout] 78 |             if (is_before) {
[INFO] [stdout]    |                ^^^^^^^^^^^ help: remove these parentheses
[INFO] [stdout]    |
[INFO] [stdout]    = note: `#[warn(unused_parens)]` on by default
[INFO] [stdout] 
[INFO] [stdout] 
[INFO] [stdout] error: aborting due to 3 previous errors; 2 warnings emitted
[INFO] [stdout] 
[INFO] [stdout] 
[INFO] [stdout] For more information about this error, try `rustc --explain E0432`.
[INFO] [stdout] 
[INFO] [stderr] error: could not compile `matrix_calc`.
[INFO] [stderr] 
[INFO] [stderr] To learn more, run the command again with --verbose.
[INFO] [stderr] warning: build failed, waiting for other jobs to finish...
[INFO] [stdout] error: aborting due to 3 previous errors; 2 warnings emitted
[INFO] [stdout] 
[INFO] [stdout] 
[INFO] [stdout] For more information about this error, try `rustc --explain E0432`.
[INFO] [stdout] 
[INFO] [stderr] error: build failed
[INFO] running `Command { std: "docker" "inspect" "7bc617e0dc9f66cb9f027b7acbb2a3b88e72619a7d544f4761afed93e239b486", kill_on_drop: false }`
[INFO] running `Command { std: "docker" "rm" "-f" "7bc617e0dc9f66cb9f027b7acbb2a3b88e72619a7d544f4761afed93e239b486", kill_on_drop: false }`
[INFO] [stdout] 7bc617e0dc9f66cb9f027b7acbb2a3b88e72619a7d544f4761afed93e239b486
